et l be g(5). Is l*(3 + 656*(-5)/(-30)) composite?
True
Is 4 + -3 + 3123188/10 + 20/(-25) composite?
True
Let c(r) = -3*r + 15 + 14 + 14. Let x be c(19). Is 11754/63 + (-6)/x prime?
False
Let i(o) = -o**3 - 6*o**2 + o + 6. Let d be i(-6). Suppose d = -l - 13 + 15. Suppose -269 = -y + l*t, 2*y + 7*t - 4*t = 531. Is y a composite number?
True
Let p = 78 - -21. Suppose 0 = -4*h - y + p, -h + 29 = -0*h - 4*y. Is -5*((-4860)/h + -1) a composite number?
False
Suppose -16*c + 12*c = 2*k - 439722, 5*c + 4*k = 549651. Is c a composite number?
True
Let c = -164712 + 756936. Let m be 2 + (c/26 - (-2)/13). Is 2*(m/56 + 4/(-14)) a prime number?
False
Let r = -23 + 61. Let a(m) = -2 + 10 - r*m - 2 + 5. Is a(-4) composite?
False
Suppose 0 = 6*t - 410 + 44. Let a = 1988 - t. Is a a composite number?
True
Let u(l) = 1587*l**2 - 134*l + 1567. Is u(10) prime?
True
Suppose 5*r + 60418 = 6*h, -r - 3*r = -3*h + 30203. Is h prime?
False
Let y = -7706 - -12349. Is y a prime number?
True
Let y = -519 + 541. Suppose y*p = 14*p + 113048. Is p composite?
True
Let y(p) = -p**3 + 2*p**2 + 17*p + 25. Let f be (21 - -1)/(-2) + 5. Is y(f) a prime number?
True
Suppose -10*i + 17*i + 1058861 = 4*l, 4*l + 4*i - 1058960 = 0. Is l composite?
False
Suppose 215 = 3*q + 158. Suppose 3*s - 4852 = -4*f, 0 = -q*f + 18*f + 5*s + 1213. Is f a prime number?
True
Let z = -421 + 426. Suppose 5*d - 16690 - 3195 = -z*a, 4*a = -3*d + 15908. Is a composite?
True
Let r = -11926 + 14837. Is r a prime number?
False
Let g(r) = -14*r + 9. Let c be g(-5). Let l = c - 53. Let y = l - -11. Is y a composite number?
False
Is -5*((-36)/(-4) + -6 + -160) a composite number?
True
Suppose 3*a + 5*s = -775, -3*a - 3*s - 783 = -0*a. Let d = 76 - a. Suppose 20*o - 21*o = -d. Is o prime?
False
Suppose -23*s + 28*s = 10. Suppose 3*q = -s*o - 13684, 2*q - 7667 + 21351 = -2*o. Is (o/(-55))/(2/5) a prime number?
True
Suppose -4*o - 1 + 9 = 0. Suppose -o*u + 2112 = -1932. Is (u/(-24))/(0 + 3/(-12)) a composite number?
False
Suppose -5*w + 20 = 0, -9*p - 3779 = -10*p - 4*w. Is p prime?
False
Suppose -3*u + 48 = u. Suppose 4*h + 0*q - 4*q - u = 0, 5*h = 4*q + 19. Let l(c) = c**3 + 2*c**2 - 6*c - 8. Is l(h) a composite number?
True
Suppose -79255 = n + 2*m, -4*n + n + 3*m - 237729 = 0. Let w = -48850 - n. Is w composite?
True
Let d(s) = -7*s**3 - s**2 - 46*s + 65. Is d(-20) a prime number?
False
Suppose -5*v - 2 - 23 = 0, 0 = -3*h + v + 2750. Let p = h - -2332. Is p composite?
True
Let p = 56206 + -30857. Is p a composite number?
False
Suppose -2*f + 4*z = -550, -f + 4*z = z - 278. Let q = f + -191. Suppose -x = u - 194, 4*u - 456 = -2*x - q. Is x prime?
True
Suppose 40*f = -22*f + 40*f + 23252042. Is f a composite number?
False
Suppose 7*v - 12408 = -1012. Suppose v*q - 1620*q = 30536. Is q composite?
True
Let s(k) = -8*k**3 - 298*k**2 + 6*k - 125. Is s(-38) a composite number?
False
Let s(w) = 2037*w**2 + 35*w - 17. Is s(-6) a prime number?
False
Suppose -3*f = -2*z + 8 + 4, 0 = -4*z - 3*f + 6. Let k(c) = -25*c + 23*c + 4 + 33*c**2 + 0. Is k(z) a prime number?
False
Suppose 6*b + 36879 = -24669. Let l = b + 15047. Is l composite?
False
Suppose 10*j = 3*j. Suppose -2*k + 2*h = -j*h, -5*k + 2*h + 12 = 0. Is (-13)/((-182)/32445) + (-2)/k composite?
True
Let t(s) = -127*s**2 + s - 5. Suppose -24 = 19*g - 11*g. Let k be t(g). Is (-10)/(-5)*k/(-2) prime?
True
Let h(i) = -9221*i**3 - 2*i**2 + 165*i + 167. Is h(-1) composite?
False
Let f = -428 + 424. Let c(u) = -176*u**3 - 5*u**2 + 3*u + 5. Is c(f) composite?
False
Suppose 5*g = 5*d + 313005, 27*g - 3*d = 22*g + 312997. Is g a composite number?
False
Let r = 133731 - 42380. Is r prime?
False
Let o be (12 + -6 + -9)*(-45788)/3. Suppose 2*c + 3*f = o, 5*c = 10*f - 11*f + 114483. Is c prime?
False
Let z(g) = 26*g - 364. Let k be z(14). Suppose -55*n + 44*n + 89111 = k. Is n a prime number?
True
Let c be (-3 - 26/4)/((-3)/1842). Let h = -1280 + c. Is h prime?
False
Suppose 0 = -2*s + 20 - 26, 2*r = 4*s + 51746. Is r a prime number?
True
Let f be (0/(-36))/(-4 + 2/(-2)). Is -1 + 878/(1 - f) a prime number?
True
Suppose -w + 2*v + 18075 = 0, -5*v = w - 6982 - 11135. Is w composite?
True
Let f(v) = -3251*v - 1687. Is f(-10) a prime number?
False
Let b(a) = 1478*a + 4. Let g be b(2). Let w = -439 + g. Is w composite?
False
Let u(v) = 311*v**2 + 38*v - 958. Is u(53) a prime number?
False
Let s = -6 - -20. Suppose -15*v + s*v = -42. Suppose 0 = g, 2*i + 5*g = 100 + v. Is i prime?
True
Suppose -116*p + 3307697 - 2370656 = -4096315. Is p prime?
True
Let g(v) = v**3 + 7*v**2 - 47*v - 1. Let a be g(-13). Suppose 1134 = -4*f - 1374. Let s = a - f. Is s composite?
False
Suppose -55*i + 3500529 = 4*i. Is i a prime number?
False
Suppose 4*u - 2*c + 22 = 0, -5*u - 1 = -c + 25. Is (255682/245)/((-2)/u) a prime number?
True
Let u(c) = 48*c**2 - 221*c - 58. Is u(51) prime?
False
Let f = 32711 - 17750. Let l = f + -982. Is l prime?
False
Suppose 0 = -2*s + 3*u + 3, 6*s - 11*s = -u + 12. Let a(b) be the second derivative of -2*b**5 + b**4/4 + b**3/3 - b**2 + b. Is a(s) prime?
False
Suppose 0 = 5*m - 3*b - 1, -4 = -2*m + 5*b - 15. Suppose 2532 = m*n + 4*c - 2*c, 0 = 5*n + c - 6334. Is n composite?
True
Suppose 3*a + 147089 = 4*a + 5*m, 3*a - m - 441299 = 0. Is a composite?
True
Suppose v + 6 = -v. Is ((v + -110)*29*-2)/2 a composite number?
True
Let q = -1053 - -5656. Suppose -q = -3*p + 4580. Is p composite?
False
Let g = 109 - 105. Suppose -3*n + 0*r = g*r - 3154, 2*r = -4. Suppose -5*h + w = -n, -2*h + 3*w - 144 + 563 = 0. Is h a prime number?
True
Let k(a) = 5556*a**3 - a**2 - 33*a + 5. Is k(5) composite?
True
Let l = -10653 - -35742. Is l a prime number?
False
Suppose 0 = 3*t - 2*t - 2*r - 12, 4*t - 24 = 2*r. Let w(z) = 310*z**3 - 5*z**2 + 5*z + 17. Is w(t) a prime number?
False
Let v be (-22)/(-5) + (-2)/5. Let z(y) be the third derivative of 19*y**5/12 - 7*y**4/24 + 3*y**3/2 + 436*y**2. Is z(v) composite?
True
Let a(j) = -j**2 + j**2 + 1 - j**3 + 0*j**3 - 2*j + 2*j**2. Let k be a(1). Suppose -270 = -k*u - 3*u + 3*h, -6 = -2*h. Is u a composite number?
True
Let h = -19529 - -40522. Is h a prime number?
False
Is (-21)/3*6323445/(-315) prime?
True
Suppose -2*r = -8606 - 6676. Let p(k) = 713*k**2 - 5*k. Let u be p(-4). Let i = u - r. Is i composite?
True
Let y(j) = -j**2 - 11*j + 12. Let o(n) = -1. Let v(q) = 3*o(q) - y(q). Let f be v(9). Suppose 2*d - 277 = f. Is d a prime number?
False
Let o be (1/(-3))/(-1)*(-33)/1. Let a be (278/(-6))/(o/(-66)). Let k = 1415 - a. Is k a prime number?
True
Let t(c) = -c**2 + 19*c - 6. Let m(p) = 2*p**2 - 5*p - 7. Let o be m(5). Let x be t(o). Suppose -910 = -x*a + 6134. Is a prime?
True
Is (43 - 35) + (-5610948)/(-12) prime?
True
Let a(w) = w**3 + 90*w**2 + 100*w - 1275. Is a(-88) a composite number?
False
Suppose 0 = 18*b - 21*b + 25731. Let f(z) = 35*z**2 + 7*z - 3. Let t be f(-8). Suppose 0 = 6*c - b - t. Is c prime?
False
Suppose -2*z = a - 594965, -123*a + 128*a = 2*z - 594995. Is z composite?
True
Let h(u) = -u**3 + 10*u**2 + 4*u - 2. Suppose -5*g + 4*r - 16 = 0, g = r + 3*r. Let c = 10 + g. Is h(c) composite?
True
Let j be (81/1)/(-9) + 25. Suppose 2717140 = j*u + 145316. Is u composite?
False
Let d(s) = 372*s**3 + 3*s**2 - 3*s + 5. Let x be d(3). Let h = 6684 - x. Let v = -1710 - h. Is v composite?
True
Let s = -426 + 431. Suppose -s*m + 3*c + 20945 = 0, -m - 5*c = 2306 - 6495. Is m a composite number?
True
Is 375907/14 - (-93)/(-62) prime?
True
Let a(v) = 501*v + 40. Let s be 54/(-12)*(52/(-36) - -1). Is a(s) a composite number?
True
Is (42/4)/(-21)*(3/1 + -38245) prime?
True
Let w(a) = a. Let b(n) = -2*n**2 - 3*n - 407. Let m(x) = -b(x) - 3*w(x). Let k(q) = -3*q**2 + 66*q - 63. Let h be k(21). Is m(h) composite?
True
Suppose -14*o + 19*o - 3*k - 62305 = 0, -o + 5*k + 12483 = 0. Is o composite?
True
Suppose -33*q = 296527 - 2341735. Suppose 0 = 4*n + 7980 - q. Is n a prime number?
True
Let v = 9210 + -5413. Suppose -4*o = -2*c + 1886, -v = -4*c - 0*o + 3*o. Is c composite?
False
Let z = -356 + 374. Is (-24878)/(-8) - z/24 prime?
True
Let c be (-14)/(-8)*(3 - -1). Suppose 3*u + 13 = 5*k, -2*k + 3*u - c*u = -26. Is 7506/45 + (-4)/k a prime number?
False
Let w(h) = 2977*h + 146. Is w(3) a prime number?
False
Let p = -95 + 28372. Is p a prime number?
